{"id":618,"date":"2024-03-18T21:16:27","date_gmt":"2024-03-18T21:16:27","guid":{"rendered":"https:\/\/depodar.com\/?post_type=product&#038;p=618"},"modified":"2025-02-08T16:51:51","modified_gmt":"2025-02-08T13:51:51","slug":"aim-corner-bubble-kose-filtresi-buyuk","status":"publish","type":"product","link":"https:\/\/depodar.com\/index.php\/product\/aim-corner-bubble-kose-filtresi-buyuk\/","title":{"rendered":"A\u0130M CORNER BUBBLE K\u00d6\u015eE F\u0130LTRES\u0130 B\u00dcY\u00dcK"},"content":{"rendered":"<p>A\u0130M CORNER BUBBLE K\u00d6\u015eE F\u0130LTRES\u0130 B\u00dcY\u00dcK<\/p>\n<p>Akvaryumlar i\u00e7in, hava motoru yard\u0131m\u0131yla \u00e7al\u0131\u015fan, eni : 10 cm \u00a0boyu: 18 cm ebatlar\u0131nda i\u00e7 filtredir. Hava motorunuz olmal\u0131 veya ayr\u0131ca al\u0131nmal\u0131d\u0131r. \u00d6zellikle karides ve yavru bal\u0131k \u00fcretimi i\u00e7in ideal bir \u00fcr\u00fcnd\u00fcr.<\/p>\n<p>Paket i\u00e7erisinde bulunan 1 adet elyaf \u00a0bulunmaktad\u0131r. Vantuzludur.<\/p>\n","protected":false},"excerpt":{"rendered":"<p>A\u0130M CORNER BUBBLE K\u00d6\u015eE F\u0130LTRES\u0130 B\u00dcY\u00dcK Akvaryumlar i\u00e7in, hava motoru yard\u0131m\u0131yla \u00e7al\u0131\u015fan, eni : 10 cm \u00a0boyu: 18 cm ebatlar\u0131nda i\u00e7 filtredir. Hava motorunuz olmal\u0131 veya ayr\u0131ca al\u0131nmal\u0131d\u0131r. \u00d6zellikle karides ve yavru bal\u0131k \u00fcretimi i\u00e7in ideal bir \u00fcr\u00fcnd\u00fcr. Paket i\u00e7erisinde bulunan 1 adet elyaf \u00a0bulunmaktad\u0131r. Vantuzludur.<\/p>\n","protected":false},"featured_media":528,"template":"","meta":{"_monsterinsights_skip_tracking":false,"_monsterinsights_sitenote_active":false,"_monsterinsights_sitenote_note":"","_monsterinsights_sitenote_category":0},"product_brand":[],"product_cat":[28,51],"product_tag":[55,56],"class_list":{"0":"post-618","1":"product","2":"type-product","3":"status-publish","4":"has-post-thumbnail","6":"product_cat-akvaryum","7":"product_cat-sifir-urunler","8":"product_tag-filtre","9":"product_tag-sifir-urun","11":"first","12":"instock","13":"featured","14":"shipping-taxable","15":"purchasable","16":"product-type-simple"},"aioseo_notices":[],"jetpack_sharing_enabled":true,"_links":{"self":[{"href":"https:\/\/depodar.com\/index.php\/wp-json\/wp\/v2\/product\/618","targetHints":{"allow":["GET"]}}],"collection":[{"href":"https:\/\/depodar.com\/index.php\/wp-json\/wp\/v2\/product"}],"about":[{"href":"https:\/\/depodar.com\/index.php\/wp-json\/wp\/v2\/types\/product"}],"wp:featuredmedia":[{"embeddable":true,"href":"https:\/\/depodar.com\/index.php\/wp-json\/wp\/v2\/media\/528"}],"wp:attachment":[{"href":"https:\/\/depodar.com\/index.php\/wp-json\/wp\/v2\/media?parent=618"}],"wp:term":[{"taxonomy":"product_brand","embeddable":true,"href":"https:\/\/depodar.com\/index.php\/wp-json\/wp\/v2\/product_brand?post=618"},{"taxonomy":"product_cat","embeddable":true,"href":"https:\/\/depodar.com\/index.php\/wp-json\/wp\/v2\/product_cat?post=618"},{"taxonomy":"product_tag","embeddable":true,"href":"https:\/\/depodar.com\/index.php\/wp-json\/wp\/v2\/product_tag?post=618"}],"curies":[{"name":"wp","href":"https:\/\/api.w.org\/{rel}","templated":true}]}}