{"id":601,"date":"2024-03-18T19:05:23","date_gmt":"2024-03-18T19:05:23","guid":{"rendered":"https:\/\/depodar.com\/?post_type=product&#038;p=601"},"modified":"2025-10-09T21:07:18","modified_gmt":"2025-10-09T18:07:18","slug":"rs-280k-sunger-filtre","status":"publish","type":"product","link":"https:\/\/depodar.com\/index.php\/product\/rs-280k-sunger-filtre\/","title":{"rendered":"RS-280K S\u00dcNGER F\u0130LTRE"},"content":{"rendered":"<p>RS-280K\u00a0 S\u00dcNGER F\u0130LTRE<\/p>\n<p>Karides ve yavru bal\u0131k akvaryumlar\u0131, \u00fcretim akvaryumlar\u0131 ve k\u00fc\u00e7\u00fck akvaryumlar i\u00e7in kullan\u0131labilir \u015fekilde tasarlanm\u0131\u015ft\u0131r. Harici hava motoru ile, d\u0131\u015f filtre emi\u015f borusuna ba\u011flanarak veya bir sirk\u00fclasyon pompas\u0131 ile kullan\u0131labilir. Hava motorunuz olmal\u0131 veya ayr\u0131ca al\u0131nmal\u0131d\u0131r. Taban\u0131nda a\u011f\u0131rl\u0131k mevcuttur, suyun i\u00e7inde dik durmas\u0131n\u0131 sa\u011flar<\/p>\n","protected":false},"excerpt":{"rendered":"<p>RS-280K\u00a0 S\u00dcNGER F\u0130LTRE Karides ve yavru bal\u0131k akvaryumlar\u0131, \u00fcretim akvaryumlar\u0131 ve k\u00fc\u00e7\u00fck akvaryumlar i\u00e7in kullan\u0131labilir \u015fekilde tasarlanm\u0131\u015ft\u0131r. Harici hava motoru ile, d\u0131\u015f filtre emi\u015f borusuna ba\u011flanarak veya bir sirk\u00fclasyon pompas\u0131 ile kullan\u0131labilir. Hava motorunuz olmal\u0131 veya ayr\u0131ca al\u0131nmal\u0131d\u0131r. Taban\u0131nda a\u011f\u0131rl\u0131k mevcuttur, suyun i\u00e7inde dik durmas\u0131n\u0131 sa\u011flar<\/p>\n","protected":false},"featured_media":575,"template":"","meta":{"_monsterinsights_skip_tracking":false,"_monsterinsights_sitenote_active":false,"_monsterinsights_sitenote_note":"","_monsterinsights_sitenote_category":0},"product_brand":[],"product_cat":[28,51],"product_tag":[55,56],"class_list":{"0":"post-601","1":"product","2":"type-product","3":"status-publish","4":"has-post-thumbnail","6":"product_cat-akvaryum","7":"product_cat-sifir-urunler","8":"product_tag-filtre","9":"product_tag-sifir-urun","11":"first","12":"instock","13":"featured","14":"shipping-taxable","15":"purchasable","16":"product-type-simple"},"aioseo_notices":[],"jetpack_sharing_enabled":true,"_links":{"self":[{"href":"https:\/\/depodar.com\/index.php\/wp-json\/wp\/v2\/product\/601","targetHints":{"allow":["GET"]}}],"collection":[{"href":"https:\/\/depodar.com\/index.php\/wp-json\/wp\/v2\/product"}],"about":[{"href":"https:\/\/depodar.com\/index.php\/wp-json\/wp\/v2\/types\/product"}],"wp:featuredmedia":[{"embeddable":true,"href":"https:\/\/depodar.com\/index.php\/wp-json\/wp\/v2\/media\/575"}],"wp:attachment":[{"href":"https:\/\/depodar.com\/index.php\/wp-json\/wp\/v2\/media?parent=601"}],"wp:term":[{"taxonomy":"product_brand","embeddable":true,"href":"https:\/\/depodar.com\/index.php\/wp-json\/wp\/v2\/product_brand?post=601"},{"taxonomy":"product_cat","embeddable":true,"href":"https:\/\/depodar.com\/index.php\/wp-json\/wp\/v2\/product_cat?post=601"},{"taxonomy":"product_tag","embeddable":true,"href":"https:\/\/depodar.com\/index.php\/wp-json\/wp\/v2\/product_tag?post=601"}],"curies":[{"name":"wp","href":"https:\/\/api.w.org\/{rel}","templated":true}]}}