{"id":467,"date":"2024-03-17T17:36:55","date_gmt":"2024-03-17T17:36:55","guid":{"rendered":"https:\/\/depodar.com\/?page_id=467"},"modified":"2024-03-22T22:53:58","modified_gmt":"2024-03-22T19:53:58","slug":"sifir-akvaryum-malzemeleri","status":"publish","type":"page","link":"https:\/\/depodar.com\/index.php\/akvaryum-malzemeleri\/sifir-akvaryum-malzemeleri\/","title":{"rendered":"S\u0131f\u0131r Akvaryum Malzemeleri"},"content":{"rendered":"<form role=\"search\" method=\"get\" action=\"https:\/\/depodar.com\/\" class=\"wp-block-search__button-outside wp-block-search__text-button wp-block-search\"    ><label class=\"wp-block-search__label\" for=\"wp-block-search__input-1\" >Ara<\/label><div class=\"wp-block-search__inside-wrapper\" ><input class=\"wp-block-search__input\" id=\"wp-block-search__input-1\" placeholder=\"\u00dcr\u00fcn ara...\" value=\"\" type=\"search\" name=\"s\" required \/><input type=\"hidden\" name=\"post_type\" value=\"product\" \/><button aria-label=\"Ara\" class=\"wp-block-search__button wp-element-button\" type=\"submit\" >Ara<\/button><\/div><\/form>\n\n\n<div class=\"wp-block-query is-layout-flow wp-block-query-is-layout-flow\"><ul class=\"columns-3 products-block-post-template wp-block-post-template is-layout-grid wp-container-core-post-template-is-layout-6d3fbd8f wp-block-post-template-is-layout-grid\"><li class=\"wp-block-post post-896 product type-product status-publish has-post-thumbnail product_cat-akvaryum product_cat-sifir-urunler product_tag-sifir-urun product_tag-sylvania first instock featured shipping-taxable purchasable product-type-simple\">\n<div data-block-name=\"woocommerce\/product-image\" data-image-sizing=\"thumbnail\" data-is-descendent-of-query-loop=\"true\" class=\"wc-block-components-product-image wc-block-grid__product-image wc-block-components-product-image--aspect-ratio-auto wp-block-woocommerce-product-image\"><a href=\"https:\/\/depodar.com\/index.php\/product\/sylvania-marka-18-watt-t8-groluks-floresan-60-cm\/\" style=\"\" data-wp-on--click=\"woocommerce\/product-collection::actions.viewProduct\"><img decoding=\"async\" width=\"300\" height=\"300\" src=\"https:\/\/depodar.com\/wp-content\/uploads\/2024\/03\/Sylvania-groluks_4-300x300.jpg\" class=\"attachment-woocommerce_thumbnail size-woocommerce_thumbnail\" alt=\"SYLVANIA marka 18 watt T8 Grol\u00fcks Floresan 60 cm\" data-testid=\"product-image\" data-image-id=\"901\" style=\"object-fit:cover;\" loading=\"lazy\" srcset=\"https:\/\/depodar.com\/wp-content\/uploads\/2024\/03\/Sylvania-groluks_4-300x300.jpg 300w, https:\/\/depodar.com\/wp-content\/uploads\/2024\/03\/Sylvania-groluks_4-150x150.jpg 150w, https:\/\/depodar.com\/wp-content\/uploads\/2024\/03\/Sylvania-groluks_4-100x100.jpg 100w\" sizes=\"auto, (max-width: 300px) 100vw, 300px\" \/><div class=\"wc-block-components-product-image__inner-container\"><\/div><\/a><\/div>\n\n<h3 style=\"margin-bottom:0.75rem;margin-top:0;\" class=\"has-text-align-center wp-block-post-title has-medium-font-size\"><a href=\"https:\/\/depodar.com\/index.php\/product\/sylvania-marka-18-watt-t8-groluks-floresan-60-cm\/\" target=\"_self\" >SYLVANIA marka 18 watt T8 Grol\u00fcks Floresan 60 cm<\/a><\/h3>\n\n<div data-block-name=\"woocommerce\/product-price\" data-font-size=\"small\" data-is-descendent-of-query-loop=\"true\" data-text-align=\"center\" class=\"has-font-size has-small-font-size has-text-align-center wp-block-woocommerce-product-price has-small-font-size\" ><div class=\"wc-block-components-product-price wc-block-grid__product-price\" >\n\t\t\t\t\t<span class=\"woocommerce-Price-amount amount\"><bdi><span class=\"woocommerce-Price-currencySymbol\">&#8378;<\/span>300,00<\/bdi><\/span>\n\t\t\t\t<\/div><\/div>\n<\/li><li class=\"wp-block-post post-839 product type-product status-publish has-post-thumbnail product_cat-sifir-urunler product_tag-filtre-malzemesi product_tag-sifir-urun  instock shipping-taxable purchasable product-type-simple\">\n<div data-block-name=\"woocommerce\/product-image\" data-image-sizing=\"thumbnail\" data-is-descendent-of-query-loop=\"true\" class=\"wc-block-components-product-image wc-block-grid__product-image wc-block-components-product-image--aspect-ratio-auto wp-block-woocommerce-product-image\"><a href=\"https:\/\/depodar.com\/index.php\/product\/biyolojik-sunger-akvaryum-sungeri\/\" style=\"\" data-wp-on--click=\"woocommerce\/product-collection::actions.viewProduct\"><img decoding=\"async\" width=\"300\" height=\"300\" src=\"https:\/\/depodar.com\/wp-content\/uploads\/2024\/03\/biyolojik-sunger-300x300.jpg\" class=\"attachment-woocommerce_thumbnail size-woocommerce_thumbnail\" alt=\"biyolojik akvaryum s\u00fcngeri\" data-testid=\"product-image\" data-image-id=\"840\" style=\"object-fit:cover;\" loading=\"lazy\" srcset=\"https:\/\/depodar.com\/wp-content\/uploads\/2024\/03\/biyolojik-sunger-300x300.jpg 300w, https:\/\/depodar.com\/wp-content\/uploads\/2024\/03\/biyolojik-sunger-150x150.jpg 150w, https:\/\/depodar.com\/wp-content\/uploads\/2024\/03\/biyolojik-sunger-100x100.jpg 100w\" sizes=\"auto, (max-width: 300px) 100vw, 300px\" \/><div class=\"wc-block-components-product-image__inner-container\"><\/div><\/a><\/div>\n\n<h3 style=\"margin-bottom:0.75rem;margin-top:0;\" class=\"has-text-align-center wp-block-post-title has-medium-font-size\"><a href=\"https:\/\/depodar.com\/index.php\/product\/biyolojik-sunger-akvaryum-sungeri\/\" target=\"_self\" >Biyolojik s\u00fcnger  akvaryum s\u00fcngeri<\/a><\/h3>\n\n<div data-block-name=\"woocommerce\/product-price\" data-font-size=\"small\" data-is-descendent-of-query-loop=\"true\" data-text-align=\"center\" class=\"has-font-size has-small-font-size has-text-align-center wp-block-woocommerce-product-price has-small-font-size\" ><div class=\"wc-block-components-product-price wc-block-grid__product-price\" >\n\t\t\t\t\t<span class=\"woocommerce-Price-amount amount\"><bdi><span class=\"woocommerce-Price-currencySymbol\">&#8378;<\/span>950,00<\/bdi><\/span>\n\t\t\t\t<\/div><\/div>\n<\/li><li class=\"wp-block-post post-626 product type-product status-publish has-post-thumbnail product_cat-akvaryum product_cat-sifir-urunler product_tag-sifir-urun  instock featured shipping-taxable purchasable product-type-simple\">\n<div data-block-name=\"woocommerce\/product-image\" data-image-sizing=\"thumbnail\" data-is-descendent-of-query-loop=\"true\" class=\"wc-block-components-product-image wc-block-grid__product-image wc-block-components-product-image--aspect-ratio-auto wp-block-woocommerce-product-image\"><a href=\"https:\/\/depodar.com\/index.php\/product\/6li-hava-dagitici\/\" style=\"\" data-wp-on--click=\"woocommerce\/product-collection::actions.viewProduct\"><img decoding=\"async\" width=\"300\" height=\"300\" src=\"https:\/\/depodar.com\/wp-content\/uploads\/2024\/03\/kompesor-dagitici-6li-300x300.jpg\" class=\"attachment-woocommerce_thumbnail size-woocommerce_thumbnail\" alt=\"6l\u0131 HAVA DA\u011eITICI\" data-testid=\"product-image\" data-image-id=\"553\" style=\"object-fit:cover;\" loading=\"lazy\" srcset=\"https:\/\/depodar.com\/wp-content\/uploads\/2024\/03\/kompesor-dagitici-6li-300x300.jpg 300w, https:\/\/depodar.com\/wp-content\/uploads\/2024\/03\/kompesor-dagitici-6li-100x100.jpg 100w, https:\/\/depodar.com\/wp-content\/uploads\/2024\/03\/kompesor-dagitici-6li-150x150.jpg 150w\" sizes=\"auto, (max-width: 300px) 100vw, 300px\" \/><div class=\"wc-block-components-product-image__inner-container\"><\/div><\/a><\/div>\n\n<h3 style=\"margin-bottom:0.75rem;margin-top:0;\" class=\"has-text-align-center wp-block-post-title has-medium-font-size\"><a href=\"https:\/\/depodar.com\/index.php\/product\/6li-hava-dagitici\/\" target=\"_self\" >6l\u0131 HAVA DA\u011eITICI<\/a><\/h3>\n\n<div data-block-name=\"woocommerce\/product-price\" data-font-size=\"small\" data-is-descendent-of-query-loop=\"true\" data-text-align=\"center\" class=\"has-font-size has-small-font-size has-text-align-center wp-block-woocommerce-product-price has-small-font-size\" ><div class=\"wc-block-components-product-price wc-block-grid__product-price\" >\n\t\t\t\t\t<span class=\"woocommerce-Price-amount amount\"><bdi><span class=\"woocommerce-Price-currencySymbol\">&#8378;<\/span>100,00<\/bdi><\/span>\n\t\t\t\t<\/div><\/div>\n<\/li><li class=\"wp-block-post post-624 product type-product status-publish has-post-thumbnail product_cat-akvaryum product_cat-sifir-urunler product_tag-sifir-urun last instock featured shipping-taxable purchasable product-type-simple\">\n<div data-block-name=\"woocommerce\/product-image\" data-image-sizing=\"thumbnail\" data-is-descendent-of-query-loop=\"true\" class=\"wc-block-components-product-image wc-block-grid__product-image wc-block-components-product-image--aspect-ratio-auto wp-block-woocommerce-product-image\"><a href=\"https:\/\/depodar.com\/index.php\/product\/akvaryum-dis-filtre-emis-borusu-suzgeci\/\" style=\"\" data-wp-on--click=\"woocommerce\/product-collection::actions.viewProduct\"><img decoding=\"async\" width=\"300\" height=\"300\" src=\"https:\/\/depodar.com\/wp-content\/uploads\/2024\/03\/Dis-filte-giris-suzgusu-300x300.jpg\" class=\"attachment-woocommerce_thumbnail size-woocommerce_thumbnail\" alt=\"AKVARYUM DI\u015e F\u0130LTRE EM\u0130\u015e BORUSU S\u00dcZGEC\u0130\" data-testid=\"product-image\" data-image-id=\"549\" style=\"object-fit:cover;\" loading=\"lazy\" srcset=\"https:\/\/depodar.com\/wp-content\/uploads\/2024\/03\/Dis-filte-giris-suzgusu-300x300.jpg 300w, https:\/\/depodar.com\/wp-content\/uploads\/2024\/03\/Dis-filte-giris-suzgusu-100x100.jpg 100w, https:\/\/depodar.com\/wp-content\/uploads\/2024\/03\/Dis-filte-giris-suzgusu-150x150.jpg 150w\" sizes=\"auto, (max-width: 300px) 100vw, 300px\" \/><div class=\"wc-block-components-product-image__inner-container\"><\/div><\/a><\/div>\n\n<h3 style=\"margin-bottom:0.75rem;margin-top:0;\" class=\"has-text-align-center wp-block-post-title has-medium-font-size\"><a href=\"https:\/\/depodar.com\/index.php\/product\/akvaryum-dis-filtre-emis-borusu-suzgeci\/\" target=\"_self\" >AKVARYUM DI\u015e F\u0130LTRE EM\u0130\u015e BORUSU S\u00dcZGEC\u0130<\/a><\/h3>\n\n<div data-block-name=\"woocommerce\/product-price\" data-font-size=\"small\" data-is-descendent-of-query-loop=\"true\" data-text-align=\"center\" class=\"has-font-size has-small-font-size has-text-align-center wp-block-woocommerce-product-price has-small-font-size\" ><div class=\"wc-block-components-product-price wc-block-grid__product-price\" >\n\t\t\t\t\t<span class=\"woocommerce-Price-amount amount\"><bdi><span class=\"woocommerce-Price-currencySymbol\">&#8378;<\/span>100,00<\/bdi><\/span>\n\t\t\t\t<\/div><\/div>\n<\/li><li class=\"wp-block-post post-618 product type-product status-publish has-post-thumbnail product_cat-akvaryum product_cat-sifir-urunler product_tag-filtre product_tag-sifir-urun first instock featured shipping-taxable purchasable product-type-simple\">\n<div data-block-name=\"woocommerce\/product-image\" data-image-sizing=\"thumbnail\" data-is-descendent-of-query-loop=\"true\" class=\"wc-block-components-product-image wc-block-grid__product-image wc-block-components-product-image--aspect-ratio-auto wp-block-woocommerce-product-image\"><a href=\"https:\/\/depodar.com\/index.php\/product\/aim-corner-bubble-kose-filtresi-buyuk\/\" style=\"\" data-wp-on--click=\"woocommerce\/product-collection::actions.viewProduct\"><img decoding=\"async\" width=\"300\" height=\"300\" src=\"https:\/\/depodar.com\/wp-content\/uploads\/2024\/03\/aim-bubble-filtre-300x300.jpg\" class=\"attachment-woocommerce_thumbnail size-woocommerce_thumbnail\" alt=\"A\u0130M CORNER BUBBLE K\u00d6\u015eE F\u0130LTRES\u0130 B\u00dcY\u00dcK\" data-testid=\"product-image\" data-image-id=\"528\" style=\"object-fit:cover;\" loading=\"lazy\" srcset=\"https:\/\/depodar.com\/wp-content\/uploads\/2024\/03\/aim-bubble-filtre-300x300.jpg 300w, https:\/\/depodar.com\/wp-content\/uploads\/2024\/03\/aim-bubble-filtre-100x100.jpg 100w, https:\/\/depodar.com\/wp-content\/uploads\/2024\/03\/aim-bubble-filtre-150x150.jpg 150w\" sizes=\"auto, (max-width: 300px) 100vw, 300px\" \/><div class=\"wc-block-components-product-image__inner-container\"><\/div><\/a><\/div>\n\n<h3 style=\"margin-bottom:0.75rem;margin-top:0;\" class=\"has-text-align-center wp-block-post-title has-medium-font-size\"><a href=\"https:\/\/depodar.com\/index.php\/product\/aim-corner-bubble-kose-filtresi-buyuk\/\" target=\"_self\" >A\u0130M CORNER BUBBLE K\u00d6\u015eE F\u0130LTRES\u0130 B\u00dcY\u00dcK<\/a><\/h3>\n\n<div data-block-name=\"woocommerce\/product-price\" data-font-size=\"small\" data-is-descendent-of-query-loop=\"true\" data-text-align=\"center\" class=\"has-font-size has-small-font-size has-text-align-center wp-block-woocommerce-product-price has-small-font-size\" ><div class=\"wc-block-components-product-price wc-block-grid__product-price\" >\n\t\t\t\t\t<span class=\"woocommerce-Price-amount amount\"><bdi><span class=\"woocommerce-Price-currencySymbol\">&#8378;<\/span>250,00<\/bdi><\/span>\n\t\t\t\t<\/div><\/div>\n<\/li><li class=\"wp-block-post post-617 product type-product status-publish has-post-thumbnail product_cat-akvaryum product_cat-sifir-urunler product_tag-filtre product_tag-sifir-urun  instock featured shipping-taxable purchasable product-type-simple\">\n<div data-block-name=\"woocommerce\/product-image\" data-image-sizing=\"thumbnail\" data-is-descendent-of-query-loop=\"true\" class=\"wc-block-components-product-image wc-block-grid__product-image wc-block-components-product-image--aspect-ratio-auto wp-block-woocommerce-product-image\"><a href=\"https:\/\/depodar.com\/index.php\/product\/mec-turbo-pipo-filtre\/\" style=\"\" data-wp-on--click=\"woocommerce\/product-collection::actions.viewProduct\"><img decoding=\"async\" width=\"300\" height=\"300\" src=\"https:\/\/depodar.com\/wp-content\/uploads\/2024\/03\/mec-turbo-pipo-300x300.jpg\" class=\"attachment-woocommerce_thumbnail size-woocommerce_thumbnail\" alt=\"ME\u00c7 TURBO P\u0130PO F\u0130LTRE\" data-testid=\"product-image\" data-image-id=\"566\" style=\"object-fit:cover;\" loading=\"lazy\" srcset=\"https:\/\/depodar.com\/wp-content\/uploads\/2024\/03\/mec-turbo-pipo-300x300.jpg 300w, https:\/\/depodar.com\/wp-content\/uploads\/2024\/03\/mec-turbo-pipo-100x100.jpg 100w, https:\/\/depodar.com\/wp-content\/uploads\/2024\/03\/mec-turbo-pipo-150x150.jpg 150w\" sizes=\"auto, (max-width: 300px) 100vw, 300px\" \/><div class=\"wc-block-components-product-image__inner-container\"><\/div><\/a><\/div>\n\n<h3 style=\"margin-bottom:0.75rem;margin-top:0;\" class=\"has-text-align-center wp-block-post-title has-medium-font-size\"><a href=\"https:\/\/depodar.com\/index.php\/product\/mec-turbo-pipo-filtre\/\" target=\"_self\" >ME\u00c7 TURBO P\u0130PO F\u0130LTRE<\/a><\/h3>\n\n<div data-block-name=\"woocommerce\/product-price\" data-font-size=\"small\" data-is-descendent-of-query-loop=\"true\" data-text-align=\"center\" class=\"has-font-size has-small-font-size has-text-align-center wp-block-woocommerce-product-price has-small-font-size\" ><div class=\"wc-block-components-product-price wc-block-grid__product-price\" >\n\t\t\t\t\t<span class=\"woocommerce-Price-amount amount\"><bdi><span class=\"woocommerce-Price-currencySymbol\">&#8378;<\/span>100,00<\/bdi><\/span>\n\t\t\t\t<\/div><\/div>\n<\/li><li class=\"wp-block-post post-616 product type-product status-publish has-post-thumbnail product_cat-akvaryum product_cat-sifir-urunler product_tag-sifir-urun  instock featured shipping-taxable purchasable product-type-simple\">\n<div data-block-name=\"woocommerce\/product-image\" data-image-sizing=\"thumbnail\" data-is-descendent-of-query-loop=\"true\" class=\"wc-block-components-product-image wc-block-grid__product-image wc-block-components-product-image--aspect-ratio-auto wp-block-woocommerce-product-image\"><a href=\"https:\/\/depodar.com\/index.php\/product\/mec-hava-dagitim-kiti\/\" style=\"\" data-wp-on--click=\"woocommerce\/product-collection::actions.viewProduct\"><img decoding=\"async\" width=\"300\" height=\"300\" src=\"https:\/\/depodar.com\/wp-content\/uploads\/2024\/03\/hava-dagitim-kiti-300x300.jpg\" class=\"attachment-woocommerce_thumbnail size-woocommerce_thumbnail\" alt=\"ME\u00c7 HAVA DA\u011eITIM K\u0130T\u0130\" data-testid=\"product-image\" data-image-id=\"551\" style=\"object-fit:cover;\" loading=\"lazy\" srcset=\"https:\/\/depodar.com\/wp-content\/uploads\/2024\/03\/hava-dagitim-kiti-300x300.jpg 300w, https:\/\/depodar.com\/wp-content\/uploads\/2024\/03\/hava-dagitim-kiti-100x100.jpg 100w, https:\/\/depodar.com\/wp-content\/uploads\/2024\/03\/hava-dagitim-kiti-150x150.jpg 150w\" sizes=\"auto, (max-width: 300px) 100vw, 300px\" \/><div class=\"wc-block-components-product-image__inner-container\"><\/div><\/a><\/div>\n\n<h3 style=\"margin-bottom:0.75rem;margin-top:0;\" class=\"has-text-align-center wp-block-post-title has-medium-font-size\"><a href=\"https:\/\/depodar.com\/index.php\/product\/mec-hava-dagitim-kiti\/\" target=\"_self\" >ME\u00c7 HAVA DA\u011eITIM K\u0130T\u0130<\/a><\/h3>\n\n<div data-block-name=\"woocommerce\/product-price\" data-font-size=\"small\" data-is-descendent-of-query-loop=\"true\" data-text-align=\"center\" class=\"has-font-size has-small-font-size has-text-align-center wp-block-woocommerce-product-price has-small-font-size\" ><div class=\"wc-block-components-product-price wc-block-grid__product-price\" >\n\t\t\t\t\t<span class=\"woocommerce-Price-amount amount\"><bdi><span class=\"woocommerce-Price-currencySymbol\">&#8378;<\/span>50,00<\/bdi><\/span>\n\t\t\t\t<\/div><\/div>\n<\/li><li class=\"wp-block-post post-609 product type-product status-publish has-post-thumbnail product_cat-akvaryum product_cat-sifir-urunler product_tag-filtre product_tag-hagen product_tag-sifir-urun last instock featured shipping-taxable purchasable product-type-simple\">\n<div data-block-name=\"woocommerce\/product-image\" data-image-sizing=\"thumbnail\" data-is-descendent-of-query-loop=\"true\" class=\"wc-block-components-product-image wc-block-grid__product-image wc-block-components-product-image--aspect-ratio-auto wp-block-woocommerce-product-image\"><a href=\"https:\/\/depodar.com\/index.php\/product\/hagen-marina-corner-filter\/\" style=\"\" data-wp-on--click=\"woocommerce\/product-collection::actions.viewProduct\"><img decoding=\"async\" width=\"300\" height=\"300\" src=\"https:\/\/depodar.com\/wp-content\/uploads\/2024\/03\/marina-corner-filter_1-300x300.jpg\" class=\"attachment-woocommerce_thumbnail size-woocommerce_thumbnail\" alt=\"HAGEN MAR\u0130NA CORNER  F\u0130LTER\" data-testid=\"product-image\" data-image-id=\"564\" style=\"object-fit:cover;\" loading=\"lazy\" srcset=\"https:\/\/depodar.com\/wp-content\/uploads\/2024\/03\/marina-corner-filter_1-300x300.jpg 300w, https:\/\/depodar.com\/wp-content\/uploads\/2024\/03\/marina-corner-filter_1-100x100.jpg 100w, https:\/\/depodar.com\/wp-content\/uploads\/2024\/03\/marina-corner-filter_1-150x150.jpg 150w\" sizes=\"auto, (max-width: 300px) 100vw, 300px\" \/><div class=\"wc-block-components-product-image__inner-container\"><\/div><\/a><\/div>\n\n<h3 style=\"margin-bottom:0.75rem;margin-top:0;\" class=\"has-text-align-center wp-block-post-title has-medium-font-size\"><a href=\"https:\/\/depodar.com\/index.php\/product\/hagen-marina-corner-filter\/\" target=\"_self\" >HAGEN MAR\u0130NA CORNER  F\u0130LTER<\/a><\/h3>\n\n<div data-block-name=\"woocommerce\/product-price\" data-font-size=\"small\" data-is-descendent-of-query-loop=\"true\" data-text-align=\"center\" class=\"has-font-size has-small-font-size has-text-align-center wp-block-woocommerce-product-price has-small-font-size\" ><div class=\"wc-block-components-product-price wc-block-grid__product-price\" >\n\t\t\t\t\t<span class=\"woocommerce-Price-amount amount\"><bdi><span class=\"woocommerce-Price-currencySymbol\">&#8378;<\/span>350,00<\/bdi><\/span>\n\t\t\t\t<\/div><\/div>\n<\/li><li class=\"wp-block-post post-608 product type-product status-publish has-post-thumbnail product_cat-akvaryum product_cat-sifir-urunler product_tag-filtre product_tag-hagen product_tag-sifir-urun first instock featured shipping-taxable purchasable product-type-simple\">\n<div data-block-name=\"woocommerce\/product-image\" data-image-sizing=\"thumbnail\" data-is-descendent-of-query-loop=\"true\" class=\"wc-block-components-product-image wc-block-grid__product-image wc-block-components-product-image--aspect-ratio-auto wp-block-woocommerce-product-image\"><a href=\"https:\/\/depodar.com\/index.php\/product\/hagen-marina-bottom-filter\/\" style=\"\" data-wp-on--click=\"woocommerce\/product-collection::actions.viewProduct\"><img decoding=\"async\" width=\"300\" height=\"300\" src=\"https:\/\/depodar.com\/wp-content\/uploads\/2024\/03\/marina-bottom-filtre_1-300x300.jpg\" class=\"attachment-woocommerce_thumbnail size-woocommerce_thumbnail\" alt=\"HAGEN MAR\u0130NA BOTTOM F\u0130LTER\" data-testid=\"product-image\" data-image-id=\"559\" style=\"object-fit:cover;\" loading=\"lazy\" srcset=\"https:\/\/depodar.com\/wp-content\/uploads\/2024\/03\/marina-bottom-filtre_1-300x300.jpg 300w, https:\/\/depodar.com\/wp-content\/uploads\/2024\/03\/marina-bottom-filtre_1-100x100.jpg 100w, https:\/\/depodar.com\/wp-content\/uploads\/2024\/03\/marina-bottom-filtre_1-150x150.jpg 150w\" sizes=\"auto, (max-width: 300px) 100vw, 300px\" \/><div class=\"wc-block-components-product-image__inner-container\"><\/div><\/a><\/div>\n\n<h3 style=\"margin-bottom:0.75rem;margin-top:0;\" class=\"has-text-align-center wp-block-post-title has-medium-font-size\"><a href=\"https:\/\/depodar.com\/index.php\/product\/hagen-marina-bottom-filter\/\" target=\"_self\" >HAGEN MAR\u0130NA BOTTOM F\u0130LTER<\/a><\/h3>\n\n<div data-block-name=\"woocommerce\/product-price\" data-font-size=\"small\" data-is-descendent-of-query-loop=\"true\" data-text-align=\"center\" class=\"has-font-size has-small-font-size has-text-align-center wp-block-woocommerce-product-price has-small-font-size\" ><div class=\"wc-block-components-product-price wc-block-grid__product-price\" >\n\t\t\t\t\t<span class=\"woocommerce-Price-amount amount\"><bdi><span class=\"woocommerce-Price-currencySymbol\">&#8378;<\/span>200,00<\/bdi><\/span>\n\t\t\t\t<\/div><\/div>\n<\/li><\/ul>\n\n<nav class=\"wp-block-query-pagination is-content-justification-center is-layout-flex wp-container-core-query-pagination-is-layout-a89b3969 wp-block-query-pagination-is-layout-flex\" aria-label=\"Sayfalama\">\n\n\n<div class=\"wp-block-query-pagination-numbers\"><span aria-label=\"Sayfa 1\" aria-current=\"page\" class=\"page-numbers current\">1<\/span>\n<a aria-label=\"Sayfa 2\" class=\"page-numbers\" href=\"?query-0-page=2\">2<\/a><\/div>\n\n<a href=\"\/index.php\/wp-json\/wp\/v2\/pages\/467?query-0-page=2\" class=\"wp-block-query-pagination-next\">Sonraki sayfa<\/a>\n<\/nav>\n\n<\/div>\n","protected":false},"excerpt":{"rendered":"","protected":false},"author":1,"featured_media":0,"parent":272,"menu_order":0,"comment_status":"closed","ping_status":"closed","template":"","meta":{"_monsterinsights_skip_tracking":false,"_monsterinsights_sitenote_active":false,"_monsterinsights_sitenote_note":"","_monsterinsights_sitenote_category":0,"footnotes":""},"class_list":["post-467","page","type-page","status-publish","hentry"],"aioseo_notices":[],"jetpack_sharing_enabled":true,"_links":{"self":[{"href":"https:\/\/depodar.com\/index.php\/wp-json\/wp\/v2\/pages\/467","targetHints":{"allow":["GET"]}}],"collection":[{"href":"https:\/\/depodar.com\/index.php\/wp-json\/wp\/v2\/pages"}],"about":[{"href":"https:\/\/depodar.com\/index.php\/wp-json\/wp\/v2\/types\/page"}],"author":[{"embeddable":true,"href":"https:\/\/depodar.com\/index.php\/wp-json\/wp\/v2\/users\/1"}],"replies":[{"embeddable":true,"href":"https:\/\/depodar.com\/index.php\/wp-json\/wp\/v2\/comments?post=467"}],"version-history":[{"count":18,"href":"https:\/\/depodar.com\/index.php\/wp-json\/wp\/v2\/pages\/467\/revisions"}],"predecessor-version":[{"id":988,"href":"https:\/\/depodar.com\/index.php\/wp-json\/wp\/v2\/pages\/467\/revisions\/988"}],"up":[{"embeddable":true,"href":"https:\/\/depodar.com\/index.php\/wp-json\/wp\/v2\/pages\/272"}],"wp:attachment":[{"href":"https:\/\/depodar.com\/index.php\/wp-json\/wp\/v2\/media?parent=467"}],"curies":[{"name":"wp","href":"https:\/\/api.w.org\/{rel}","templated":true}]}}