{"id":269,"date":"2024-03-12T12:29:30","date_gmt":"2024-03-12T09:29:30","guid":{"rendered":"https:\/\/depodar.com\/?page_id=269"},"modified":"2025-08-26T12:11:04","modified_gmt":"2025-08-26T09:11:04","slug":"vintage-elektronik","status":"publish","type":"page","link":"https:\/\/depodar.com\/index.php\/vintage-elektronik\/","title":{"rendered":"V\u0131ntage Elektronik"},"content":{"rendered":"\n<p>Bu sayfada yer alan \u00fcr\u00fcnler rahmetli babam\u0131n 1960l\u0131 y\u0131llarda a\u00e7t\u0131\u011f\u0131 ve sonras\u0131nda memuriyete ge\u00e7i\u015f ile elinde kalan, \u00e7o\u011funlu\u011fu s\u0131f\u0131r, baz\u0131lar\u0131 ise \u00e7\u0131kma \u00fcr\u00fcnlerden olu\u015fmaktad\u0131r. Devam\u0131 olmayan \u00fcr\u00fcnler olup her \u00fcr\u00fcn kendi i\u00e7inde topluca verilecektir. Birden \u00e7ok \u00fcr\u00fcn baz\u0131nda toplu al\u0131mlarda elimden geleni yapmaya \u00e7al\u0131\u015f\u0131r\u0131m. Sadece Ankara i\u00e7i elden iletebiliyorum.<\/p>\n\n\n<form role=\"search\" method=\"get\" action=\"https:\/\/depodar.com\/\" class=\"wp-block-search__button-outside wp-block-search__text-button wp-block-search\"    ><label class=\"wp-block-search__label\" for=\"wp-block-search__input-1\" >Ara<\/label><div class=\"wp-block-search__inside-wrapper\" ><input class=\"wp-block-search__input\" id=\"wp-block-search__input-1\" placeholder=\"\u00dcr\u00fcn ara...\" value=\"\" type=\"search\" name=\"s\" required \/><input type=\"hidden\" name=\"post_type\" value=\"product\" \/><button aria-label=\"Ara\" class=\"wp-block-search__button wp-element-button\" type=\"submit\" >Ara<\/button><\/div><\/form>\n\n\n<div class=\"wp-block-media-text is-stacked-on-mobile\"><figure class=\"wp-block-media-text__media\"><a href=\"https:\/\/depodar.com\/index.php\/vintage-elektronik\/vintage-elektronik-cihazlar\/\"><img loading=\"lazy\" decoding=\"async\" width=\"300\" height=\"300\" src=\"https:\/\/depodar.com\/wp-content\/uploads\/2024\/03\/20230422_151326-300x300-1.jpg\" alt=\"Lampmetre de service modele 751\" class=\"wp-image-434 size-full\" srcset=\"https:\/\/depodar.com\/wp-content\/uploads\/2024\/03\/20230422_151326-300x300-1.jpg 300w, https:\/\/depodar.com\/wp-content\/uploads\/2024\/03\/20230422_151326-300x300-1-100x100.jpg 100w, https:\/\/depodar.com\/wp-content\/uploads\/2024\/03\/20230422_151326-300x300-1-150x150.jpg 150w\" sizes=\"auto, (max-width: 300px) 100vw, 300px\" \/><\/a><\/figure><div class=\"wp-block-media-text__content\">\n<p>&#8220;Vintage Elektronik Cihazlar\u0131&#8221;  G\u00f6r\u00fcnt\u00fclemek i\u00e7in resme t\u0131klay\u0131n\u0131z<\/p>\n\n\n\n<p><\/p>\n<\/div><\/div>\n\n\n\n<div class=\"wp-block-media-text is-stacked-on-mobile\"><figure class=\"wp-block-media-text__media\"><a href=\"https:\/\/depodar.com\/index.php\/vintage-elektronik\/vintage-elektronik-parcalar\/\"><img loading=\"lazy\" decoding=\"async\" width=\"1024\" height=\"341\" src=\"https:\/\/depodar.com\/wp-content\/uploads\/2025\/08\/Elektronik-parca-1024x341.jpg\" alt=\"\" class=\"wp-image-1414 size-full\" srcset=\"https:\/\/depodar.com\/wp-content\/uploads\/2025\/08\/Elektronik-parca-1024x341.jpg 1024w, https:\/\/depodar.com\/wp-content\/uploads\/2025\/08\/Elektronik-parca-300x100.jpg 300w, https:\/\/depodar.com\/wp-content\/uploads\/2025\/08\/Elektronik-parca-768x256.jpg 768w, https:\/\/depodar.com\/wp-content\/uploads\/2025\/08\/Elektronik-parca-1536x512.jpg 1536w, https:\/\/depodar.com\/wp-content\/uploads\/2025\/08\/Elektronik-parca-600x200.jpg 600w, https:\/\/depodar.com\/wp-content\/uploads\/2025\/08\/Elektronik-parca.jpg 1800w\" sizes=\"auto, (max-width: 1024px) 100vw, 1024px\" \/><\/a><\/figure><div class=\"wp-block-media-text__content\">\n<p>Vintage Elektonik Par\u00e7alar\u0131&#8221; incelemek i\u00e7in resme t\u0131klay\u0131n\u0131z<\/p>\n<\/div><\/div>\n","protected":false},"excerpt":{"rendered":"<p>Bu sayfada yer alan \u00fcr\u00fcnler rahmetli babam\u0131n 1960l\u0131 y\u0131llarda a\u00e7t\u0131\u011f\u0131 ve sonras\u0131nda memuriyete ge\u00e7i\u015f ile elinde kalan, \u00e7o\u011funlu\u011fu s\u0131f\u0131r, baz\u0131lar\u0131 ise \u00e7\u0131kma \u00fcr\u00fcnlerden olu\u015fmaktad\u0131r. Devam\u0131 olmayan \u00fcr\u00fcnler olup her \u00fcr\u00fcn kendi i\u00e7inde topluca verilecektir. Birden \u00e7ok \u00fcr\u00fcn baz\u0131nda toplu al\u0131mlarda elimden geleni yapmaya \u00e7al\u0131\u015f\u0131r\u0131m. Sadece Ankara i\u00e7i elden iletebiliyorum. &#8220;Vintage Elektronik Cihazlar\u0131&#8221; G\u00f6r\u00fcnt\u00fclemek i\u00e7in resme [&hellip;]<\/p>\n","protected":false},"author":1,"featured_media":0,"parent":0,"menu_order":0,"comment_status":"closed","ping_status":"closed","template":"","meta":{"_monsterinsights_skip_tracking":false,"_monsterinsights_sitenote_active":false,"_monsterinsights_sitenote_note":"","_monsterinsights_sitenote_category":0,"footnotes":""},"class_list":["post-269","page","type-page","status-publish","hentry"],"aioseo_notices":[],"jetpack_sharing_enabled":true,"_links":{"self":[{"href":"https:\/\/depodar.com\/index.php\/wp-json\/wp\/v2\/pages\/269","targetHints":{"allow":["GET"]}}],"collection":[{"href":"https:\/\/depodar.com\/index.php\/wp-json\/wp\/v2\/pages"}],"about":[{"href":"https:\/\/depodar.com\/index.php\/wp-json\/wp\/v2\/types\/page"}],"author":[{"embeddable":true,"href":"https:\/\/depodar.com\/index.php\/wp-json\/wp\/v2\/users\/1"}],"replies":[{"embeddable":true,"href":"https:\/\/depodar.com\/index.php\/wp-json\/wp\/v2\/comments?post=269"}],"version-history":[{"count":17,"href":"https:\/\/depodar.com\/index.php\/wp-json\/wp\/v2\/pages\/269\/revisions"}],"predecessor-version":[{"id":1415,"href":"https:\/\/depodar.com\/index.php\/wp-json\/wp\/v2\/pages\/269\/revisions\/1415"}],"wp:attachment":[{"href":"https:\/\/depodar.com\/index.php\/wp-json\/wp\/v2\/media?parent=269"}],"curies":[{"name":"wp","href":"https:\/\/api.w.org\/{rel}","templated":true}]}}